{"id":23,"date":"2017-08-31T17:10:02","date_gmt":"2017-08-31T17:10:02","guid":{"rendered":"http:\/\/betreuung-zuhause24.de\/?page_id=23"},"modified":"2017-10-01T18:18:20","modified_gmt":"2017-10-01T18:18:20","slug":"ueber-uns","status":"publish","type":"page","link":"http:\/\/betreuung-zuhause24.de\/?page_id=23","title":{"rendered":"\u00dcber uns"},"content":{"rendered":"<p><span style=\"color: #cc99ff;\"><strong>Wir k\u00fcmmern uns um die Qualit\u00e4t der 24 Stunden Senioren- und Krankenbetreuung und regeln alles Organisatorische f\u00fcr Sie.<\/strong><\/span><\/p>\n<p>In der gesamten Betreuungszeit stehen wir Ihnen und ihren Angeh\u00f6rigen und der Betreuungskraft zur Verf\u00fcgung.<\/p>\n<p>&#8211; Alle Vertr\u00e4ge ohne Bearbeitungsgeb\u00fchr.<br \/>\n&#8211; Wir setzen auf individuelle und flexible Kundenbetreuung.<br \/>\n&#8211; Ausf\u00fchrliche Bedarfsermittlung.<br \/>\n&#8211; Verst\u00e4ndnis f\u00fcr die Bed\u00fcrfnisse unserer Kunden.<br \/>\n&#8211; Wir sind und bleiben Ihr Ansprechpartner.<br \/>\n&#8211; Wir beraten und betreuen Sie von Anfang an.<br \/>\n&#8211; Wir sorgen f\u00fcr einen harmonischen Ablauf.<br \/>\n&#8211; Wir halten Kontakt zum Kunden und zu den Betreuern und Betreuerinnen.<br \/>\n&#8211; Selbstverst\u00e4ndlich sprechen wir auch perfekt polnisch.<br \/>\n&#8211; Auf Wunsch arbeiten wir mit \u00f6rtlichen Pflegediensten zusammen, um Ihnen ein H\u00f6chstma\u00df an Sicherheit zu bieten.<\/p>\n","protected":false},"excerpt":{"rendered":"<p>Wir k\u00fcmmern uns um die Qualit\u00e4t der 24 Stunden Senioren- und Krankenbetreuung und regeln alles Organisatorische f\u00fcr Sie. In der gesamten Betreuungszeit stehen wir Ihnen und ihren Angeh\u00f6rigen und der Betreuungskraft zur Verf\u00fcgung. &#8211; Alle Vertr\u00e4ge ohne Bearbeitungsgeb\u00fchr. &#8211; Wir setzen auf individuelle und flexible Kundenbetreuung. &#8211; Ausf\u00fchrliche Bedarfsermittlung. &#8211; Verst\u00e4ndnis f\u00fcr die Bed\u00fcrfnisse unserer Kunden. &#8211; Wir sind und bleiben Ihr Ansprechpartner. &#8211; Wir beraten und betreuen Sie von Anfang an. &#8211; Wir sorgen f\u00fcr einen harmonischen Ablauf. &#8211; Wir halten Kontakt zum Kunden und zu den Betreuern und Betreuerinnen. &#8211; Selbstverst\u00e4ndlich sprechen wir auch perfekt polnisch. &#8211; Auf Wunsch arbeiten wir mit \u00f6rtlichen Pflegediensten zusammen, um Ihnen ein&hellip; <a class=\"read-more\" href=\"http:\/\/betreuung-zuhause24.de\/?page_id=23\">Mehr Lesen<\/a><\/p>\n","protected":false},"author":1,"featured_media":0,"parent":0,"menu_order":0,"comment_status":"closed","ping_status":"closed","template":"","meta":{"footnotes":""},"class_list":["post-23","page","type-page","status-publish","hentry"],"_links":{"self":[{"href":"http:\/\/betreuung-zuhause24.de\/index.php?rest_route=\/wp\/v2\/pages\/23","targetHints":{"allow":["GET"]}}],"collection":[{"href":"http:\/\/betreuung-zuhause24.de\/index.php?rest_route=\/wp\/v2\/pages"}],"about":[{"href":"http:\/\/betreuung-zuhause24.de\/index.php?rest_route=\/wp\/v2\/types\/page"}],"author":[{"embeddable":true,"href":"http:\/\/betreuung-zuhause24.de\/index.php?rest_route=\/wp\/v2\/users\/1"}],"replies":[{"embeddable":true,"href":"http:\/\/betreuung-zuhause24.de\/index.php?rest_route=%2Fwp%2Fv2%2Fcomments&post=23"}],"version-history":[{"count":5,"href":"http:\/\/betreuung-zuhause24.de\/index.php?rest_route=\/wp\/v2\/pages\/23\/revisions"}],"predecessor-version":[{"id":174,"href":"http:\/\/betreuung-zuhause24.de\/index.php?rest_route=\/wp\/v2\/pages\/23\/revisions\/174"}],"wp:attachment":[{"href":"http:\/\/betreuung-zuhause24.de\/index.php?rest_route=%2Fwp%2Fv2%2Fmedia&parent=23"}],"curies":[{"name":"wp","href":"https:\/\/api.w.org\/{rel}","templated":true}]}}